{"id":3601,"date":"2020-06-05T16:21:46","date_gmt":"2020-06-05T19:21:46","guid":{"rendered":"http:\/\/fcdlce.com.br\/bancodetalentos\/candidate\/iagomadeiro\/"},"modified":"2020-06-06T10:01:59","modified_gmt":"2020-06-06T13:01:59","slug":"iagomadeiro","status":"publish","type":"candidate","link":"https:\/\/fcdlce.com.br\/bancodetalentos\/candidate\/iagomadeiro\/","title":{"rendered":"Iago Madeiro"},"content":{"rendered":"","protected":false},"featured_media":3669,"comment_status":"open","ping_status":"closed","template":"","candidate_category":[97],"candidate_location":[34],"candidate_tag":[295,541,322],"cmb2":{"_candidate_general":{"_candidate_attached_user":"","_candidate_expiry_date":"2020-08-05","_candidate_founded_date":"02\/13\/1992","_candidate_phone":"85996634263","_candidate_urgent":"","_candidate_featured":"","_candidate_job_title":"Assistente Comercial","_candidate_salary":"1300","_candidate_salary_type":"mensal","_candidate_portfolio_photos":{"3681":"http:\/\/fcdlce.com.br\/bancodetalentos\/wp-content\/uploads\/wp-job-board-uploads\/_candidate_portfolio_photos\/2020\/06\/WhatsApp-Image-2020-06-05-at-17.16.16gfgh.jpeg"},"_candidate_cv_attachment":{"3630":"http:\/\/fcdlce.com.br\/bancodetalentos\/wp-content\/uploads\/wp-job-board-uploads\/_candidate_cv_attachment\/2020\/06\/CURR\u00cdCULO-Iago-De-Lima-M-4-1.docx"},"_candidate_video_url":"","_candidate_layout_type":""},"_candidate_socials":{"_candidate_socials":[{"network":"linkedin","url":"https:\/\/www.linkedin.com\/in\/iago-madeiro-b5b1b7168"},{"network":"facebook"}]},"_candidate_map_location":{"_candidate_address":"Fortaleza","_candidate_map_location":""},"_candidate_education":{"_candidate_education":[{"title":"Formado em Gest\u00e3o Comercial","academy":"Faculdade de Gest\u00e3o & Neg\u00f3cios","year":"2018 - 2019"}]},"_candidate_experience":{"_candidate_experience":[{"title":"Assistente De Loja","start_date":"10\/07\/2014","end_date":"04\/10\/2018","company":"Lojas Renner S\/A","description":"Atendimento ao cliente , backup de visual merchandising , operador de caixa , auxiliar de estoque ,     acompanhamento de processos , participa\u00e7\u00e3o no ato \/ e efeito em gest\u00e3o de equipes  , atendimento em SAC.\r\n"},{"title":"Promotor Comercial","start_date":"11\/05\/2018","end_date":"02\/12\/2020","company":"Fortbrasil Administradora de Cart\u00e3o De Cr\u00e9dito","description":"Atendimento  ao cliente ,  controle , execu\u00e7\u00e3o e planejamentos de vendas. \r\nResolu\u00e7\u00e3o de problemas.  \r\n"},{"title":"Motoboy","start_date":"08\/14\/2019","end_date":"02\/20\/2020","company":"Aut\u00f4nomo","description":"Entrega de produtos por meio de aplicativo de delivery"}]},"_candidate_award":{"_candidate_award":[{"title":"Palestra sobre Lideren\u00e7a com foco em resultados - Febracis Coaching","year":"2018","description":""},{"title":"Workshop Motivacional De Vendas e Negocia\u00e7\u00e3o - Fortbrasil","year":"2019","description":"Abordagem ,  planejamento ,  estrategias , analise de vendas."},{"title":"Design Thinking \u2013 Empower Lab Fortbrasil","year":"2019","description":"Estrategias. Comportamento.  e Planejamento de vendas e ideias para fins de atrair resultados"}]},"_candidate_skill":{"_candidate_skill":""}},"_links":{"self":[{"href":"https:\/\/fcdlce.com.br\/bancodetalentos\/wp-json\/wp\/v2\/candidate\/3601"}],"collection":[{"href":"https:\/\/fcdlce.com.br\/bancodetalentos\/wp-json\/wp\/v2\/candidate"}],"about":[{"href":"https:\/\/fcdlce.com.br\/bancodetalentos\/wp-json\/wp\/v2\/types\/candidate"}],"replies":[{"embeddable":true,"href":"https:\/\/fcdlce.com.br\/bancodetalentos\/wp-json\/wp\/v2\/comments?post=3601"}],"wp:featuredmedia":[{"embeddable":true,"href":"https:\/\/fcdlce.com.br\/bancodetalentos\/wp-json\/wp\/v2\/media\/3669"}],"wp:attachment":[{"href":"https:\/\/fcdlce.com.br\/bancodetalentos\/wp-json\/wp\/v2\/media?parent=3601"}],"wp:term":[{"taxonomy":"candidate_category","embeddable":true,"href":"https:\/\/fcdlce.com.br\/bancodetalentos\/wp-json\/wp\/v2\/candidate_category?post=3601"},{"taxonomy":"candidate_location","embeddable":true,"href":"https:\/\/fcdlce.com.br\/bancodetalentos\/wp-json\/wp\/v2\/candidate_location?post=3601"},{"taxonomy":"candidate_tag","embeddable":true,"href":"https:\/\/fcdlce.com.br\/bancodetalentos\/wp-json\/wp\/v2\/candidate_tag?post=3601"}],"curies":[{"name":"wp","href":"https:\/\/api.w.org\/{rel}","templated":true}]}}

http://fcdlce.com.br/bancodetalentos/wp-content/uploads/wp-job-board-uploads/_candidate_cv_attachment/2020/06/CURRÍCULO-Iago-De-Lima-M-4-1.docx

Formado em Gestão Comercial

Faculdade de Gestão & Negócios

Atendimento ao cliente , backup de visual merchandising , operador de caixa , auxiliar de estoque ,     acompanhamento de processos , participação no ato / e efeito em gestão de equipes  , atendimento em SAC.

Fortbrasil Administradora de Cartão De Crédito

Atendimento  ao cliente ,  controle , execução e planejamentos de vendas. 
Resolução de problemas.

Autônomo

Palestra sobre Liderença com foco em resultados - Febracis Coaching

Workshop Motivacional De Vendas e Negociação - Fortbrasil
