{"id":3535,"date":"2020-06-05T15:22:07","date_gmt":"2020-06-05T18:22:07","guid":{"rendered":"http:\/\/fcdlce.com.br\/bancodetalentos\/candidate\/ingridbcamelo\/"},"modified":"2020-06-06T10:02:33","modified_gmt":"2020-06-06T13:02:33","slug":"ingridbcamelo","status":"publish","type":"candidate","link":"https:\/\/fcdlce.com.br\/bancodetalentos\/candidate\/ingridbcamelo\/","title":{"rendered":"Ingrid Barbosa"},"content":{"rendered":"<p>Objetivo<\/p>\n<p>Atuar na \u00e1rea de Recursos Humanos \/ Departamento Pessoal<\/p>\n","protected":false},"featured_media":3537,"comment_status":"open","ping_status":"closed","template":"","candidate_category":[97,40,30],"candidate_location":[34],"candidate_tag":[589],"cmb2":{"_candidate_general":{"_candidate_attached_user":"","_candidate_expiry_date":"2020-08-05","_candidate_founded_date":"08\/03\/1997","_candidate_phone":"997249638","_candidate_urgent":"","_candidate_featured":"","_candidate_job_title":"Recursos Humanos \/ Auxiliar Administrativo","_candidate_salary":"1500","_candidate_salary_type":"mensal","_candidate_portfolio_photos":{"3547":"http:\/\/fcdlce.com.br\/bancodetalentos\/wp-content\/uploads\/wp-job-board-uploads\/_candidate_portfolio_photos\/2020\/06\/IMG-20170902-WA0030o.jpg"},"_candidate_cv_attachment":{"3548":"http:\/\/fcdlce.com.br\/bancodetalentos\/wp-content\/uploads\/wp-job-board-uploads\/_candidate_cv_attachment\/2020\/06\/Curr\u00edculo-Ingrid.pdf"},"_candidate_video_url":"","_candidate_layout_type":""},"_candidate_socials":{"_candidate_socials":[{"network":"facebook"}]},"_candidate_map_location":{"_candidate_address":"Caucaia","_candidate_map_location":""},"_candidate_education":{"_candidate_education":[{"title":"Gest\u00e3o de Recursos Humanos","academy":"Centro Universit\u00e1rio Fametro \u2013 Unifametro","year":"Conclu\u00eddo em 2018.2","description":""},{"title":"Especializa\u00e7\u00e3o em Psicologia Organizacional e do Trabalho","academy":"Centro Universit\u00e1rio Fametro \u2013 Unifametro","year":"Previs\u00e3o de conclus\u00e3o: 2021.1"}]},"_candidate_experience":{"_candidate_experience":[{"title":"Jovem Aprendiz de Carreiras e Estagi\u00e1ria de Carreiras","start_date":"07\/01\/2019","end_date":"14\/01\/2020","company":"Centro Universit\u00e1rio Fametro \u2013 Unifametro","description":"Principais atividades: Atendimento ao aluno\/empresa, orienta\u00e7\u00e3o e an\u00e1lise de documentos, capta\u00e7\u00e3o e divulga\u00e7\u00e3o de vagas, realiza\u00e7\u00e3o de processos seletivos, relacionamento com o setor de RH das empresas, alimenta\u00e7\u00e3o de relat\u00f3rios de indicadores e acompanhamento de resultados, presta\u00e7\u00e3o de orienta\u00e7\u00e3o de carreira, realiza\u00e7\u00e3o de palestras para prepara\u00e7\u00e3o e desenvolvimento profissional, aux\u00edlio nos eventos promovidos, utiliza\u00e7\u00e3o do sistema TOTVS RM, dentre outras atividades inerentes ao setor."}]},"_candidate_award":{"_candidate_award":[{"title":"Cursos e Atividades Complementares","description":"\u2022\tCurso: RH Tecnol\u00f3gico \u2013 Universidade S\u00f3lides, (4h) \u2013 04\/2020\r\n\u2022\tCurso: Recrutamento e Sele\u00e7\u00e3o Comportamental \u2013 Universidade S\u00f3lides, (3h) \u2013 04\/2020\r\n\u2022\tCurso: People Analytics e Planejamento Estrat\u00e9gico \u2013 Universidade S\u00f3lides, (1h30) \u2013 04\/2020\r\n\u2022\tCurso: Gest\u00e3o Comportamental na Pr\u00e1tica \u2013 Universidade S\u00f3lides, (2h) \u2013 04\/2020\r\n\u2022\tCurso: Engenharia de Cargos \u2013 Universidade S\u00f3lides, (2h) \u2013 04\/2020\r\n\u2022\tCurso: Recrutamento e Sele\u00e7\u00e3o para Alta Performance \u2013 Gupy, (2h) \u2013 04\/2020\r\n\u2022\tCurso: Gest\u00e3o de Pessoas \u2013 Sebrae, (8h) \u2013 04\/2020\r\n\u2022\tCurso: Contrato de Trabalho \u2013 Sebrae, (8h) \u2013 04\/2020\r\n\u2022\tCertifica\u00e7\u00e3o em Recrutamento e Sele\u00e7\u00e3o \u2013 Kenoby \u2013 03\/2020\r\n\u2022\tInform\u00e1tica (Pacote Office) \u2013 Alex Educa\u00e7\u00e3o Profissional, (56h) \u2013 06\/2019\r\n\u2022\tCear\u00e1RH 2017: Congresso de Gest\u00e3o de Pessoas \u2013 09\/2017\r\n\u2022\tCurso: Recrutamento e Sele\u00e7\u00e3o \u2013 Prime Cursos, (35h) \u2013 07\/2017\r\n\u2022\tCurso: Departamento Pessoal \u2013 Prime Cursos, (35h) \u2013 06\/2017\r\n\u2022\tCurso: Assistente Administrativo com RH \u2013 Unicursos Fortaleza, (40h) \u2013 06\/2017\r\n\u2022\tPalestra Atualiza RH: Gamification como ferramenta da Gest\u00e3o de Pessoas \u2013 Unifametro, (2h) \u2013 04\/2017\r\n"}]},"_candidate_skill":{"_candidate_skill":""}},"_links":{"self":[{"href":"https:\/\/fcdlce.com.br\/bancodetalentos\/wp-json\/wp\/v2\/candidate\/3535"}],"collection":[{"href":"https:\/\/fcdlce.com.br\/bancodetalentos\/wp-json\/wp\/v2\/candidate"}],"about":[{"href":"https:\/\/fcdlce.com.br\/bancodetalentos\/wp-json\/wp\/v2\/types\/candidate"}],"replies":[{"embeddable":true,"href":"https:\/\/fcdlce.com.br\/bancodetalentos\/wp-json\/wp\/v2\/comments?post=3535"}],"wp:featuredmedia":[{"embeddable":true,"href":"https:\/\/fcdlce.com.br\/bancodetalentos\/wp-json\/wp\/v2\/media\/3537"}],"wp:attachment":[{"href":"https:\/\/fcdlce.com.br\/bancodetalentos\/wp-json\/wp\/v2\/media?parent=3535"}],"wp:term":[{"taxonomy":"candidate_category","embeddable":true,"href":"https:\/\/fcdlce.com.br\/bancodetalentos\/wp-json\/wp\/v2\/candidate_category?post=3535"},{"taxonomy":"candidate_location","embeddable":true,"href":"https:\/\/fcdlce.com.br\/bancodetalentos\/wp-json\/wp\/v2\/candidate_location?post=3535"},{"taxonomy":"candidate_tag","embeddable":true,"href":"https:\/\/fcdlce.com.br\/bancodetalentos\/wp-json\/wp\/v2\/candidate_tag?post=3535"}],"curies":[{"name":"wp","href":"https:\/\/api.w.org\/{rel}","templated":true}]}}

<p>Objetivo</p>
<p>Atuar na área de Recursos Humanos / Departamento Pessoal</p>

http://fcdlce.com.br/bancodetalentos/wp-content/uploads/wp-job-board-uploads/_candidate_cv_attachment/2020/06/Currículo-Ingrid.pdf

Gestão de Recursos Humanos

Centro Universitário Fametro – Unifametro

Concluído em 2018.2

Especialização em Psicologia Organizacional e do Trabalho

Previsão de conclusão: 2021.1

Jovem Aprendiz de Carreiras e Estagiária de Carreiras

Principais atividades: Atendimento ao aluno/empresa, orientação e análise de documentos, captação e divulgação de vagas, realização de processos seletivos, relacionamento com o setor de RH das empresas, alimentação de relatórios de indicadores e acompanhamento de resultados, prestação de orientação de carreira, realização de palestras para preparação e desenvolvimento profissional, auxílio nos eventos promovidos, utilização do sistema TOTVS RM, dentre outras atividades inerentes ao setor.

•	Curso: RH Tecnológico – Universidade Sólides, (4h) – 04/2020
•	Curso: Recrutamento e Seleção Comportamental – Universidade Sólides, (3h) – 04/2020
•	Curso: People Analytics e Planejamento Estratégico – Universidade Sólides, (1h30) – 04/2020
•	Curso: Gestão Comportamental na Prática – Universidade Sólides, (2h) – 04/2020
•	Curso: Engenharia de Cargos – Universidade Sólides, (2h) – 04/2020
•	Curso: Recrutamento e Seleção para Alta Performance – Gupy, (2h) – 04/2020
•	Curso: Gestão de Pessoas – Sebrae, (8h) – 04/2020
•	Curso: Contrato de Trabalho – Sebrae, (8h) – 04/2020
•	Certificação em Recrutamento e Seleção – Kenoby – 03/2020
•	Informática (Pacote Office) – Alex Educação Profissional, (56h) – 06/2019
•	CearáRH 2017: Congresso de Gestão de Pessoas – 09/2017
•	Curso: Recrutamento e Seleção – Prime Cursos, (35h) – 07/2017
•	Curso: Departamento Pessoal – Prime Cursos, (35h) – 06/2017
•	Curso: Assistente Administrativo com RH – Unicursos Fortaleza, (40h) – 06/2017
•	Palestra Atualiza RH: Gamification como ferramenta da Gestão de Pessoas – Unifametro, (2h) – 04/2017
